 - y**2 + y + 15. Calculate n(5).
-255
Let f(i) = 1043*i + 10433. What is f(-10)?
3
Let v(o) = 2*o**3 + 72*o**2 - 14*o - 505. Give v(-36).
-1
Let q(p) = 89*p + 733. Determine q(-9).
-68
Let d(k) = -k**3 - 23*k**2 + 44*k - 162. Determine d(-25).
-12
Let r(q) = q**3 + 77*q**2 + 3*q + 184. Give r(-77).
-47
Let l(y) = -y**3 + 5*y**2 + 62*y + 46. Give l(11).
2
Let g(s) = -s**2 + 3*s + 1. Give g(-4).
-27
Let s(r) = r**2 - 10*r - 31. Give s(-11).
200
Let a(l) = 81*l**3 - l**2 - 3*l - 1. Give a(-1).
-80
Let q(x) = 2*x**2 - 213*x - 16487. Calculate q(-52).
-3
Let r(t) = -2*t**2 - 70*t - 625. What is r(-19)?
-17
Let c(z) = -10*z**2 - 2*z - 28. What is c(-6)?
-376
Let i(p) = -22*p**2 - 3653*p - 159. Determine i(-166).
7
Let m(r) = -17*r - 9. What is m(11)?
-196
Let u(h) = -4*h**2 + 3*h + 92. Calculate u(-10).
-338
Let a(p) = -103*p**3 - 12*p**2 + 11*p + 2. Determine a(1).
-102
Let x(c) = 9*c - 169. What is x(19)?
2
Let c(l) = 5*l**2 - 559*l - 113. Calculate c(112).
-1
Let k(u) = -3*u**3 - 28*u**2 + 22*u - 4. Give k(-9).
-283
Let h(c) = 101*c + 221. Give h(-2).
19
Let k(j) = -j**3 + 14*j**2 - 33*j + 59. Calculate k(12).
-49
Let c(l) = 99*l - 2178. Give c(22).
0
Let q(c) = -6*c**2 + 61*c - 68. What is q(11)?
-123
Let t(q) = -q**3 - 23*q**2 - 69*q - 78. What is t(-20)?
102
Let f(z) = -z**2 - 56*z + 195. Calculate f(-58).
79
Let q(x) = -72*x + 1869. Calculate q(26).
-3
Let r(w) = 442*w - 8418. Determine r(19).
-20
Let k(c) = -36*c - 406. Determine k(-11).
-10
Let g(t) = t**3 - t**2 + 17*t - 55. What is g(4)?
61
Let v(f) = 197*f + 401. Determine v(-2).
7
Let s(j) = -187*j + 341. Give s(1).
154
Let o(n) = -10*n**2 + 321*n + 2248. Calculate o(38).
6
Let y(h) = h**3 - 17*h**2 - 41*h + 902. Determine y(16).
-10
Let w(h) = 145*h**2 - 13*h - 14. What is w(-1)?
144
Let h(u) = 203*u + 2242. What is h(-11)?
9
Let q(c) = -28*c**3 - 7*c**2 - 15*c - 29. Determine q(-2).
197
Let n(o) = -27*o + 41. Calculate n(2).
-13
Let o(c) = -c**3 + 57*c**2 - 162*c - 103. Calculate o(54).
-103
Let f(x) = -130*x - 19152. Give f(-147).
-42
Let c(p) = -5410*p - 5350. Calculate c(-1).
60
Let n(x) = -x**3 - 15*x**2 - 555*x - 6887. What is n(-13)?
-10
Let c(s) = -9*s**2 + 97*s - 67. Give c(10).
3
Let x(y) = -7*y**2 - 122*y - 432. Calculate x(-5).
3
Let q(w) = w**3 - 65*w**2 - 71*w + 308. Determine q(66).
-22
Let o(m) = m**3 + 6*m**2 - 74*m - 205. Give o(-11).
4
Let g(u) = 4*u**2 + 265*u + 336. Determine g(-65).
11
Let j(p) = -66*p + 1979. Give j(30).
-1
Let o(k) = 114*k**3 - 6*k**2 - k + 1. Calculate o(-1).
-118
Let k(b) = 200*b**2 - 38*b - 1. Determine k(-1).
237
Let r(a) = 7*a**2 + 675*a - 4743. Give r(-103).
-5
Let y(f) = -31*f + 1524. What is y(49)?
5
Let x(u) = 5*u**2 - 8*u - 222. Determine x(-6).
6
Let v(c) = 6*c - 127. Determine v(4).
-103
Let z(i) = 10*i**2 - 708*i - 143. Determine z(71).
-1
Let l(t) = 2*t**2 + 735*t + 44094. What is l(-292)?
2
Let f(c) = 11*c - 486. Give f(43).
-13
Let o(f) = 158*f**2 + 5217*f + 103. What is o(-33)?
4
Let j(u) = 32*u**3 - 3*u**2 - 8*u + 28. Give j(3).
841
Let n(w) = -30*w**2 + 1651*w - 57. Give n(55).
-2
Let r(j) = j**3 - 42*j**2 + 313*j + 73. Give r(10).
3
Let q(b) = b**2 + 24*b - 2865. Calculate q(43).
16
Let c(f) = -f**3 + 34*f**2 - 142*f - 102. Give c(29).
-15
Let z(q) = -q**3 - 2*q**2 + 45*q + 174. Calculate z(-7).
104
Let b(r) = 51*r + 224. Give b(-10).
-286
Let x(a) = -3*a**3 + 83*a**2 - 52*a - 56. Give x(27).
-2
Let f(o) = 2*o**3 + 60*o**2 - 63*o - 93. Calculate f(-31).
-62
Let i(n) = -63*n - 1019. Give i(-16).
-11
Let r(j) = j**3 + 36*j**2 + 23*j - 2. What is r(-35)?
418
Let q(c) = -4*c**3 + 91*c**2 + 21*c + 48. Calculate q(23).
2
Let a(w) = -w**3 + 3*w**2 + 20*w - 16. What is a(6)?
-4
Let g(h) = 5*h**2 - 257*h + 2674. Give g(37).
10
Let v(j) = 16*j**2 - 254*j + 36. Determine v(9).
-954
Let z(c) = 24*c - 126. What is z(11)?
138
Let n(f) = -1035*f + 12418. What is n(12)?
-2
Let i(j) = -2820*j - 19764. Determine i(-7).
-24
Let w(y) = y**3 + 10*y**2 - 846*y - 7678. What is w(-9)?
17
Let f(n) = 221*n + 5277. What is f(-24)?
-27
Let w(o) = -2*o**3 + 2*o**2 - 45*o - 298. Determine w(-4).
42
Let m(v) = -v**3 + 66*v**2 - 196*v + 500. Give m(63).
59
Let b(l) = -l**2 + 4*l + 124. Determine b(-11).
-41
Let d(t) = -t**3 + 33*t**2 - 3*t + 109. What is d(33)?
10
Let t(x) = 9*x**2 - 44*x + 9. Give t(6).
69
Let p(m) = -65*m - 1781. Determine p(-28).
39
Let c(u) = -38*u - 1134. Give c(-32).
82
Let r(y) = -y**3 - 87*y**2 + 178*y + 26. Give r(-89).
26
Let c(g) = 88*g - 15. Give c(1).
73
Let m(i) = -18*i**3 - 4*i**2 - 3*i + 6. Calculate m(1).
-19
Let k(x) = -2*x**2 - 75*x - 80. Determine k(-40).
-280
Let f(q) = -11*q**2 + 9*q + 49. Determine f(3).
-23
Let v(z) = 51*z + 1925. Determine v(-38).
-13
Let u(r) = -6*r**2 + 91*r + 28. Determine u(15).
43
Let f(p) = -2*p**2 + 96*p - 399. Give f(44).
-47
Let j(d) = -2758*d + 5512. Give j(2).
-4
Let x(m) = -18*m**2 - 118*m - 223. Determine x(-2).
-59
Let b(o) = -4433*o**2 + 44331*o - 6. Determine b(10).
4
Let c(t) = -t**2 + 41*t - 421. Calculate c(25).
-21
Let l(o) = o**3 + 23*o**2 - 15*o - 411. Determine l(-23).
-66
Let r(o) = -2*o**2 - 4*o + 19. Give r(4).
-29
Let h(c) = -195*c - 716. Calculate h(-3).
-131
Let q(v) = -2*v**3 - 30*v**2 + 43*v + 173. Calculate q(-16).
-3
Let p(k) = k**3 + 15*k**2 + 20*k + 27. What is p(-7)?
279
Let z(k) = 15359*k - 30716. What is z(2)?
2
Let z(g) = 5*g**3 + 73*g**2 + 249*g - 20. Give z(-9).
7
Let s(u) = 25*u + 15. Calculate s(0).
15
Let h(n) = -n**3 + 59*n**2 - 55*n - 232. Give h(58).
-58
Let l(h) = 10*h**2 - 121*h - 246. What is l(-2)?
36
Let t(w) = w**2 - 71*w + 597. Calculate t(10).
-13
Let i(r) = -66*r**2 + 3*r + 10. Determine i(-2).
-260
Let w(m) = -702*m + 4114. Calculate w(6).
-98
Let m(h) = h - 135. What is m(126)?
-9
Let i(z) = 2*z**2 + 13*z + 18. What is i(-7)?
25
Let l(d) = -2*d**3 + 29*d**2 + 167*d + 58. Give l(19).
-18
Let z(f) = -1917*f - 26825. Give z(-14).
13
Let q(n) = n**3 + 10*n**2 + 244*n + 1827. Determine q(-8).
3
Let c(s) = -s**2 - 428*s + 8497. Determine c(19).
4
Let p(i) = 2*i**3 - 30*i**2 - 3*i - 32. Calculate p(15).
-77
Let t(r) = r**3 - 26*r**2 - 232*r + 37. What is t(33)?
4
Let j(k) = k**2 + 9*k - 69. Calculate j(-12).
-33
Let h(n) = 3*n**3 + 72*n**2 - 10*n - 264. What is h(-24)?
-24
Let q(f) = -f**2 - 67*f - 21. Determine q(-34).
1101
Let w(q) = q**3 + 55*q**2 + 113*q - 2221. Calculate w(-52).
15
Let p(s) = 4*s**2 - 133*s - 256. Determine p(35).
-11
Let i(b) = -b**3 - 6*b**2 + 22*b + 13. Give i(-10).
193
Let r(l) = -2*l**2 - 19*l + 42. Give r(-14).
-84
Let z(g) = -1500*g - 6004. Give z(-4).
-4
Let q(n) = -310*n - 3844. Calculate q(-12).
-124
Let w(b) = 10*b**2 - 128*b - 8. Calculate w(13).
18
Let b(y) = -y**2 - 15*y - 14. What is b(-14)?
0
Let z(v) = -2181*v + 8718. Calculate z(4).
-6
Let p(m) = 76*m + 585. Determine p(-8).
-23
Let k(h) = 5*h**3 - 61*h**2 - 18*h - 448. Calculate k(13).
-6
Let i(g) = -g**2 - 253*g + 6946. What is i(-278)?
-4
Let q(n) = -5*n**2 + 92*n - 136. Give q(21).
-409
Let b(g) = -133*g - 3750. Determine b(-28).
-26
Let d(l) = 5*l - 44. Calculate d(3).
-29
Let r(k) = 30*k - 61. What is r(5)?
89
Let j(b) = -3*b. Give j(10).
-30
Let w(s) = 7*s - 186. Give w(12).
-102
Let i(r) = 8*r**3 + r**2 - 77*r + 9. Give i(3).
3
Let c(u) = 21*u**3 - 2*u**2 - 12*u + 14. Determine c(1).
21
Let z(f) = -9*f**2 - 60*f - 215. Calculate z(-4).
-119
Let l(h) = 12*h**3 + h**2 - 22*h + 10. Give l(4).
706
Let r(q) = 138*q + 3885. Determine r(-28).
21
Let y(x) = 19*x + 856. Determine y(-36).
172
Let l(o) = -438*o - 4287. What is l(-10)?
93
Let x(g) = -2*g**2 + 34*g + 531. Give x(24).
195
Let d(t) = 11*t + 17. Determine d(-15).
-148
Let i(c) = -3*c**3 + 24*c**2 - 14*c - 56. Determine i(7).
-7
Let g(v) = v**3 - 16*v**2 - 5*v + 45. Give g(16).
-35
Let o(r) = -r**2 + 504*r - 626. What is o(0)?
-626
Let b(r) = r**2 + 9*r - 11. Calculate b(-15).
79
Let g(w) = -2224*w - 48933. Determine g(-22).
-5
Let t(l) = 5*l - 276. What is t(29)?
-131
Let f(g) = g**3 - 15*g - 6. Calculate f(-7).
-244
Let g(r) = 52*r + 880. Determine g(-26).
-472
Let c(w) = -54*w + 583. What is c(13)?
-119
Let f(q) = q**3 - 30*q**2 + 210*q + 10. What is f(17)?
-177
Let l(m) = 789*m - 8677. What is l(11)?
2
Let r(i) = i**3 - 9*i**2 + 23*i - 15. What is r(1)?
0
Let p(x) = -2*x**3 + 9*x**2 - 118*x +